
What is the highest common divisor of 12795 and 2297129?
853
Calculate the greatest common divisor of 1972 and 221274176.
1972
What is the highest common factor of 2794 and 56761507?
1397
Calculate the highest common factor of 267594127 and 17.
17
Calculate the greatest common divisor of 15 and 1517442075.
15
What is the greatest common factor of 481011 and 6471?
2157
Calculate the greatest common divisor of 15194086 and 8696.
2174
Calculate the greatest common factor of 2073 and 2718394.
691
What is the highest common factor of 858009 and 100005?
339
What is the highest common divisor of 75576 and 17061?
141
What is the greatest common divisor of 89 and 1134089709?
89
Calculate the greatest common factor of 29406 and 21054.
174
What is the greatest common factor of 2163100 and 6984?
388
Calculate the greatest common factor of 2325 and 7384665.
465
What is the greatest common factor of 1 and 1749770?
1
What is the greatest common divisor of 42336976 and 44?
44
Calculate the highest common factor of 1764 and 9312548.
196
What is the highest common factor of 98648972 and 4468?
4468
What is the highest common factor of 1504 and 62267392?
32
What is the highest common divisor of 19 and 3019651?
19
Calculate the greatest common factor of 56 and 2666797.
7
Calculate the highest common factor of 1815 and 112916595.
1815
Calculate the greatest common factor of 3320751 and 1581.
93
Calculate the greatest common factor of 5727 and 46516686.
249
Calculate the highest common divisor of 198 and 17247816.
18
What is the greatest common divisor of 46589512 and 2368?
296
What is the greatest common divisor of 512389 and 79?
1
What is the highest common divisor of 3738170 and 3233398?
4762
What is the highest common factor of 5595 and 235398435?
5595
What is the highest common factor of 641658 and 28167?
687
Calculate the greatest common divisor of 199660 and 184760.
2980
Calculate the highest common factor of 630364 and 10538.
958
Calculate the greatest common divisor of 5072 and 20.
4
Calculate the highest common divisor of 2882 and 4741414.
262
Calculate the greatest common factor of 7441279 and 129.
43
What is the highest common divisor of 643388410 and 70?
70
What is the highest common divisor of 598201 and 14573?
59
Calculate the greatest common factor of 100 and 64419275.
25
Calculate the highest common divisor of 137280 and 375045.
165
Calculate the highest common divisor of 5130 and 25215375.
285
Calculate the highest common divisor of 2922640 and 20569.
307
Calculate the greatest common divisor of 912 and 229060428.
228
Calculate the highest common factor of 16638767 and 12036.
1003
Calculate the highest common factor of 54423960 and 177.
177
What is the greatest common factor of 8517 and 122003186?
2839
What is the highest common factor of 533340 and 7596?
36
What is the highest common factor of 565 and 158113894?
113
What is the highest common factor of 21178519 and 4189?
71
Calculate the highest common divisor of 10404 and 62529774.
1734
Calculate the greatest common divisor of 744105 and 1239045.
1695
Calculate the greatest common divisor of 333891 and 133515.
207
What is the highest common factor of 17087382 and 31812?
1446
What is the greatest common factor of 1539 and 1150127?
19
What is the highest common factor of 4929859242 and 231?
231
Calculate the greatest common factor of 535887 and 2277.
99
Calculate the highest common divisor of 90729 and 351288.
153
Calculate the highest common divisor of 11538123 and 142201.
3307
What is the highest common factor of 11211711 and 1652?
413
What is the highest common factor of 2628 and 311846364?
2628
Calculate the highest common divisor of 226 and 2128807.
113
Calculate the greatest common factor of 69496 and 341275.
1241
What is the greatest common factor of 97 and 657060055?
97
Calculate the greatest common divisor of 396080 and 11080.
40
Calculate the greatest common divisor of 6783 and 2003132.
19
Calculate the greatest common divisor of 21938 and 113876.
14
Calculate the greatest common factor of 29220106 and 2732.
1366
Calculate the highest common factor of 10331940 and 60.
60
Calculate the highest common divisor of 68510 and 674934.
442
Calculate the greatest common factor of 30985 and 6935.
5
Calculate the highest common divisor of 51176 and 19984.
8
What is the highest common factor of 51964558 and 244?
122
What is the highest common factor of 13 and 29829956?
13
What is the greatest common factor of 280 and 117394130?
70
What is the highest common divisor of 5929 and 177184?
49
What is the highest common divisor of 2150112 and 2496?
96
Calculate the greatest common divisor of 2000 and 12519280.
80
Calculate the highest common divisor of 3150682757 and 1769.
1769
What is the highest common factor of 511501585 and 245?
35
What is the greatest common divisor of 320 and 188237120?
320
What is the highest common divisor of 86 and 70888682?
86
What is the greatest common factor of 4571 and 1997030?
7
What is the greatest common factor of 232 and 167323736?
232
What is the greatest common divisor of 25627 and 71107603?
3661
Calculate the greatest common factor of 1 and 2160344.
1
Calculate the greatest common factor of 46753994 and 3.
1
Calculate the highest common divisor of 413 and 234787609.
413
Calculate the greatest common factor of 1607451000 and 8394.
8394
Calculate the highest common factor of 2933 and 36125761.
2933
What is the greatest common divisor of 56813710 and 12410?
730
Calculate the highest common divisor of 375144 and 10596.
12
Calculate the greatest common divisor of 2947828 and 3415.
683
Calculate the greatest common factor of 335 and 126225655.
335
Calculate the highest common factor of 37037 and 1436974.
77
What is the greatest common factor of 20988 and 2930211?
477
What is the greatest common divisor of 146211 and 592319?
299
What is the highest common factor of 1614143 and 42094?
1619
What is the greatest common divisor of 393331222 and 5028?
838
Calculate the greatest common factor of 24076 and 49660.
52
Calculate the highest common divisor of 1229 and 196723572.
1229
Calculate the highest common divisor of 58408 and 6761918.
298
Calculate the greatest common divisor of 6908 and 1139878718.
3454
Calculate the highest common divisor of 792 and 17901144.
72
Calculate the highest common divisor of 121705 and 445.
5
What is the greatest common divisor of 93421 and 1092028?
907
Calculate the highest common factor of 268 and 1875724.
4
Calculate the greatest common divisor of 18784468 and 1423332.
17572
What is the highest common factor of 4902588 and 44694?
3438
Calculate the highest common divisor of 4055079 and 19530.
651
What is the highest common factor of 249032862 and 9?
9
Calculate the highest common factor of 35061390 and 2730.
2730
What is the greatest common divisor of 174258 and 4158?
378
What is the highest common divisor of 1297610 and 49130?
2890
Calculate the highest common factor of 4599 and 46238857.
511
Calculate the highest common factor of 6392 and 16899649.
799
Calculate the highest common divisor of 92971 and 361129.
239
Calculate the highest common divisor of 808 and 1341216.
8
What is the greatest common factor of 4955320 and 82216?
344
Calculate the highest common factor of 3246 and 358142.
1082
What is the greatest common divisor of 6 and 15870477?
3
What is the highest common divisor of 350 and 3601525?
25
What is the greatest common divisor of 19089 and 9999?
909
What is the greatest common factor of 4020 and 33147044?
268
Calculate the greatest common factor of 124137 and 103194.
117
What is the greatest common divisor of 1300 and 13191900?
100
What is the greatest common factor of 595350 and 11760?
1470
Calculate the greatest common divisor of 11100 and 502400.
100
Calculate the greatest common divisor of 6 and 27684282.
6
Calculate the highest common factor of 5408 and 1058096.
208
Calculate the highest common factor of 32063264 and 224.
32
What is the greatest common factor of 124090368 and 12160?
2432
What is the highest common divisor of 1342 and 17149?
11
Calculate the highest common divisor of 287397 and 2151.
9
What is the highest common divisor of 49738071 and 942?
471
Calculate the greatest common divisor of 265340716 and 4.
4
What